[INFO] cloning repository https://github.com/havelkahonza/lowfat-strupy
[INFO] running `Command { std: "git" "-c" "credential.helper=" "-c" "credential.helper=/workspace/cargo-home/bin/git-credential-null" "clone" "--bare" "https://github.com/havelkahonza/lowfat-strupy" "/workspace/cache/git-repos/https%3A%2F%2Fgithub.com%2Fhavelkahonza%2Flowfat-strupy", kill_on_drop: false }`
[INFO] [stderr] Cloning into bare repository '/workspace/cache/git-repos/https%3A%2F%2Fgithub.com%2Fhavelkahonza%2Flowfat-strupy'...
[INFO] running `Command { std: "git" "rev-parse" "HEAD", kill_on_drop: false }`
[INFO] [stdout] a156ecbca857d748e4c0611141304eeb37a379ee
[INFO] checking havelkahonza/lowfat-strupy against try#72f88fc4e9458f89516a0b8b0868f3718aec5b47 for pr-74989
[INFO] running `Command { std: "git" "clone" "/workspace/cache/git-repos/https%3A%2F%2Fgithub.com%2Fhavelkahonza%2Flowfat-strupy" "/workspace/builds/worker-11/source", kill_on_drop: false }`
[INFO] [stderr] Cloning into '/workspace/builds/worker-11/source'...
[INFO] [stderr] done.
[INFO] validating manifest of git repo https://github.com/havelkahonza/lowfat-strupy on toolchain 72f88fc4e9458f89516a0b8b0868f3718aec5b47
[INFO] running `Command { std: "/workspace/cargo-home/bin/cargo" "+72f88fc4e9458f89516a0b8b0868f3718aec5b47" "read-manifest" "--manifest-path" "Cargo.toml", kill_on_drop: false }`
[INFO] started tweaking git repo https://github.com/havelkahonza/lowfat-strupy
[INFO] finished tweaking git repo https://github.com/havelkahonza/lowfat-strupy
[INFO] tweaked toml for git repo https://github.com/havelkahonza/lowfat-strupy written to /workspace/builds/worker-11/source/Cargo.toml
[INFO] crate git repo https://github.com/havelkahonza/lowfat-strupy already has a lockfile, it will not be regenerated
[INFO] running `Command { std: "/workspace/cargo-home/bin/cargo" "+72f88fc4e9458f89516a0b8b0868f3718aec5b47" "fetch" "--locked" "--manifest-path" "Cargo.toml", kill_on_drop: false }`
[INFO] running `Command { std: "docker" "create" "-v" "/var/lib/crater-agent-workspace/builds/worker-11/target:/opt/rustwide/target:rw,Z" "-v" "/var/lib/crater-agent-workspace/builds/worker-11/source:/opt/rustwide/workdir:ro,Z" "-v" "/var/lib/crater-agent-workspace/cargo-home:/opt/rustwide/cargo-home:ro,Z" "-v" "/var/lib/crater-agent-workspace/rustup-home:/opt/rustwide/rustup-home:ro,Z" "-e" "SOURCE_DIR=/opt/rustwide/workdir" "-e" "CARGO_TARGET_DIR=/opt/rustwide/target" "-e" "CARGO_HOME=/opt/rustwide/cargo-home" "-e" "RUSTUP_HOME=/opt/rustwide/rustup-home" "-w" "/opt/rustwide/workdir" "-m" "1610612736" "--user" "0:0" "--network" "none" "rustops/crates-build-env@sha256:d92eaeed33fa75130ca1ee6c8a01d1ffb62bac859dfdfb3450e3e5d1c0146529" "/opt/rustwide/cargo-home/bin/cargo" "+72f88fc4e9458f89516a0b8b0868f3718aec5b47" "metadata" "--no-deps" "--format-version=1", kill_on_drop: false }`
[INFO] [stdout] 0aa98ef4bf797d3a1fc23c2cf85fb9e01f77403b3d307fcf50bf288b7ab7a7fe
[INFO] [stderr] WARNING: Your kernel does not support swap limit capabilities or the cgroup is not mounted. Memory limited without swap.
[INFO] running `Command { std: "docker" "start" "-a" "0aa98ef4bf797d3a1fc23c2cf85fb9e01f77403b3d307fcf50bf288b7ab7a7fe", kill_on_drop: false }`
[INFO] running `Command { std: "docker" "inspect" "0aa98ef4bf797d3a1fc23c2cf85fb9e01f77403b3d307fcf50bf288b7ab7a7fe", kill_on_drop: false }`
[INFO] running `Command { std: "docker" "rm" "-f" "0aa98ef4bf797d3a1fc23c2cf85fb9e01f77403b3d307fcf50bf288b7ab7a7fe", kill_on_drop: false }`
[INFO] [stdout] 0aa98ef4bf797d3a1fc23c2cf85fb9e01f77403b3d307fcf50bf288b7ab7a7fe
[INFO] running `Command { std: "docker" "create" "-v" "/var/lib/crater-agent-workspace/builds/worker-11/target:/opt/rustwide/target:rw,Z" "-v" "/var/lib/crater-agent-workspace/builds/worker-11/source:/opt/rustwide/workdir:ro,Z" "-v" "/var/lib/crater-agent-workspace/cargo-home:/opt/rustwide/cargo-home:ro,Z" "-v" "/var/lib/crater-agent-workspace/rustup-home:/opt/rustwide/rustup-home:ro,Z" "-e" "SOURCE_DIR=/opt/rustwide/workdir" "-e" "CARGO_TARGET_DIR=/opt/rustwide/target" "-e" "CARGO_INCREMENTAL=0" "-e" "RUST_BACKTRACE=full" "-e" "RUSTFLAGS=--cap-lints=forbid" "-e" "CARGO_HOME=/opt/rustwide/cargo-home" "-e" "RUSTUP_HOME=/opt/rustwide/rustup-home" "-w" "/opt/rustwide/workdir" "-m" "1610612736" "--user" "0:0" "--network" "none" "rustops/crates-build-env@sha256:d92eaeed33fa75130ca1ee6c8a01d1ffb62bac859dfdfb3450e3e5d1c0146529" "/opt/rustwide/cargo-home/bin/cargo" "+72f88fc4e9458f89516a0b8b0868f3718aec5b47" "check" "--frozen" "--all" "--all-targets" "--message-format=json", kill_on_drop: false }`
[INFO] [stdout] 83116cd313179f82298311052b3712d6e792ad4c90a8ffcc05729c2a9ada475a
[INFO] [stderr] WARNING: Your kernel does not support swap limit capabilities or the cgroup is not mounted. Memory limited without swap.
[INFO] running `Command { std: "docker" "start" "-a" "83116cd313179f82298311052b3712d6e792ad4c90a8ffcc05729c2a9ada475a", kill_on_drop: false }`
[INFO] [stderr]     Blocking waiting for file lock on package cache
[INFO] [stderr]    Compiling libc v0.2.68
[INFO] [stderr]    Compiling proc-macro2 v1.0.10
[INFO] [stderr]    Compiling unicode-xid v0.2.0
[INFO] [stderr]    Compiling syn v1.0.17
[INFO] [stderr]    Compiling memchr v2.3.3
[INFO] [stderr]     Checking cfg-if v0.1.10
[INFO] [stderr]     Checking slab v0.4.2
[INFO] [stderr]     Checking futures-core v0.3.4
[INFO] [stderr]    Compiling proc-macro-nested v0.1.4
[INFO] [stderr]     Checking futures-sink v0.3.4
[INFO] [stderr]     Checking lazy_static v1.4.0
[INFO] [stderr]    Compiling proc-macro-hack v0.5.15
[INFO] [stderr]     Checking bytes v0.5.4
[INFO] [stderr]     Checking fnv v1.0.6
[INFO] [stderr]     Checking futures-task v0.3.4
[INFO] [stderr]     Checking pin-utils v0.1.0-alpha.4
[INFO] [stderr]     Checking futures-io v0.3.4
[INFO] [stderr]     Checking arc-swap v0.4.5
[INFO] [stderr]    Compiling autocfg v1.0.0
[INFO] [stderr]     Checking itoa v0.4.5
[INFO] [stderr]     Checking pin-project-lite v0.1.4
[INFO] [stderr]    Compiling httparse v1.3.4
[INFO] [stderr]     Checking try-lock v0.2.2
[INFO] [stderr]     Checking quick-error v1.2.3
[INFO] [stderr]     Checking regex-syntax v0.6.17
[INFO] [stderr]     Checking tower-service v0.3.0
[INFO] [stderr]     Checking once_cell v1.3.1
[INFO] [stderr]     Checking thread_local v1.0.1
[INFO] [stderr]     Checking futures-channel v0.3.4
[INFO] [stderr]     Checking humantime v1.3.0
[INFO] [stderr]     Checking log v0.4.8
[INFO] [stderr]     Checking want v0.3.0
[INFO] [stderr]    Compiling indexmap v1.3.2
[INFO] [stderr]     Checking aho-corasick v0.7.10
[INFO] [stderr]     Checking http v0.2.1
[INFO] [stderr]    Compiling quote v1.0.3
[INFO] [stderr]     Checking net2 v0.2.33
[INFO] [stderr]     Checking iovec v0.1.4
[INFO] [stderr]     Checking num_cpus v1.12.0
[INFO] [stderr]     Checking signal-hook-registry v1.2.0
[INFO] [stderr]     Checking time v0.1.42
[INFO] [stderr]     Checking atty v0.2.14
[INFO] [stderr]     Checking mio v0.6.21
[INFO] [stderr]     Checking mio-uds v0.6.7
[INFO] [stderr]     Checking regex v1.3.6
[INFO] [stderr]     Checking http-body v0.3.1
[INFO] [stderr]     Checking env_logger v0.7.1
[INFO] [stderr]    Compiling futures-macro v0.3.4
[INFO] [stderr]    Compiling tokio-macros v0.2.5
[INFO] [stderr]    Compiling pin-project-internal v0.4.8
[INFO] [stderr]     Checking tokio v0.2.16
[INFO] [stderr]     Checking futures-util v0.3.4
[INFO] [stderr]     Checking pin-project v0.4.8
[INFO] [stderr]     Checking tokio-util v0.3.1
[INFO] [stderr]     Checking futures-executor v0.3.4
[INFO] [stderr]     Checking h2 v0.2.4
[INFO] [stderr]     Checking futures v0.3.4
[INFO] [stderr]     Checking hyper v0.13.4
[INFO] [stderr]     Checking lowfat-strupy v0.1.0 (/opt/rustwide/workdir)
[INFO] [stdout] warning: unused import: `RwLock`
[INFO] [stdout]  --> src/main.rs:3:22
[INFO] [stdout]   |
[INFO] [stdout] 3 | use std::sync::{Arc, RwLock};
[INFO] [stdout]   |                      ^^^^^^
[INFO] [stdout]   |
[INFO] [stdout]   = note: `#[warn(unused_imports)]` on by default
[INFO] [stdout] 
[INFO] [stdout] 
[INFO] [stdout] warning: unused imports: `Body`, `Method`, `Request`, `Response`, `StatusCode`
[INFO] [stdout]  --> src/main.rs:5:13
[INFO] [stdout]   |
[INFO] [stdout] 5 | use hyper::{Body, Method, Request, Response, Server, StatusCode};
[INFO] [stdout]   |             ^^^^  ^^^^^^  ^^^^^^^  ^^^^^^^^          ^^^^^^^^^^
[INFO] [stdout] 
[INFO] [stdout] 
[INFO] [stdout] warning: unused import: `hyper::body::Bytes`
[INFO] [stdout]  --> src/main.rs:6:5
[INFO] [stdout]   |
[INFO] [stdout] 6 | use hyper::body::Bytes;
[INFO] [stdout]   |     ^^^^^^^^^^^^^^^^^^
[INFO] [stdout] 
[INFO] [stdout] 
[INFO] [stdout] warning: unused import: `once_cell::sync::Lazy`
[INFO] [stdout]  --> src/main.rs:9:5
[INFO] [stdout]   |
[INFO] [stdout] 9 | use once_cell::sync::Lazy;
[INFO] [stdout]   |     ^^^^^^^^^^^^^^^^^^^^^
[INFO] [stdout] 
[INFO] [stdout] 
[INFO] [stdout] warning: unused import: `std::convert::Infallible`
[INFO] [stdout]  --> src/router.rs:1:5
[INFO] [stdout]   |
[INFO] [stdout] 1 | use std::convert::Infallible;
[INFO] [stdout]   |     ^^^^^^^^^^^^^^^^^^^^^^^^
[INFO] [stdout] 
[INFO] [stdout] 
[INFO] [stdout] warning: unused import: `std::net::SocketAddr`
[INFO] [stdout]  --> src/router.rs:2:5
[INFO] [stdout]   |
[INFO] [stdout] 2 | use std::net::SocketAddr;
[INFO] [stdout]   |     ^^^^^^^^^^^^^^^^^^^^
[INFO] [stdout] 
[INFO] [stdout] 
[INFO] [stdout] warning: unused import: `RwLock`
[INFO] [stdout]  --> src/router.rs:3:17
[INFO] [stdout]   |
[INFO] [stdout] 3 | use std::sync::{RwLock, Arc};
[INFO] [stdout]   |                 ^^^^^^
[INFO] [stdout] 
[INFO] [stdout] 
[INFO] [stdout] warning: unused import: `Server`
[INFO] [stdout]  --> src/router.rs:5:46
[INFO] [stdout]   |
[INFO] [stdout] 5 | use hyper::{Body, Method, Request, Response, Server, StatusCode};
[INFO] [stdout]   |                                              ^^^^^^
[INFO] [stdout] 
[INFO] [stdout] 
[INFO] [stdout] warning: unused import: `hyper::body::Bytes`
[INFO] [stdout]  --> src/router.rs:6:5
[INFO] [stdout]   |
[INFO] [stdout] 6 | use hyper::body::Bytes;
[INFO] [stdout]   |     ^^^^^^^^^^^^^^^^^^
[INFO] [stdout] 
[INFO] [stdout] 
[INFO] [stdout] warning: unused imports: `make_service_fn`, `service_fn`
[INFO] [stdout]  --> src/router.rs:7:22
[INFO] [stdout]   |
[INFO] [stdout] 7 | use hyper::service::{make_service_fn, service_fn};
[INFO] [stdout]   |                      ^^^^^^^^^^^^^^^  ^^^^^^^^^^
[INFO] [stdout] 
[INFO] [stdout] 
[INFO] [stdout] warning: unused import: `info`
[INFO] [stdout]  --> src/router.rs:8:18
[INFO] [stdout]   |
[INFO] [stdout] 8 | use log::{debug, info};
[INFO] [stdout]   |                  ^^^^
[INFO] [stdout] 
[INFO] [stdout] 
[INFO] [stdout] warning: unused import: `once_cell::sync::Lazy`
[INFO] [stdout]  --> src/router.rs:9:5
[INFO] [stdout]   |
[INFO] [stdout] 9 | use once_cell::sync::Lazy;
[INFO] [stdout]   |     ^^^^^^^^^^^^^^^^^^^^^
[INFO] [stdout] 
[INFO] [stdout] 
[INFO] [stdout] warning: unused import: `RwLock`
[INFO] [stdout]  --> src/main.rs:3:22
[INFO] [stdout]   |
[INFO] [stdout] 3 | use std::sync::{Arc, RwLock};
[INFO] [stdout]   |                      ^^^^^^
[INFO] [stdout]   |
[INFO] [stdout]   = note: `#[warn(unused_imports)]` on by default
[INFO] [stdout] 
[INFO] [stdout] 
[INFO] [stdout] warning: unused imports: `Body`, `Method`, `Request`, `Response`, `StatusCode`
[INFO] [stdout]  --> src/main.rs:5:13
[INFO] [stdout]   |
[INFO] [stdout] 5 | use hyper::{Body, Method, Request, Response, Server, StatusCode};
[INFO] [stdout]   |             ^^^^  ^^^^^^  ^^^^^^^  ^^^^^^^^          ^^^^^^^^^^
[INFO] [stdout] 
[INFO] [stdout] 
[INFO] [stdout] warning: unused import: `hyper::body::Bytes`
[INFO] [stdout]  --> src/main.rs:6:5
[INFO] [stdout]   |
[INFO] [stdout] 6 | use hyper::body::Bytes;
[INFO] [stdout]   |     ^^^^^^^^^^^^^^^^^^
[INFO] [stdout] 
[INFO] [stdout] 
[INFO] [stdout] warning: unused import: `once_cell::sync::Lazy`
[INFO] [stdout]  --> src/main.rs:9:5
[INFO] [stdout]   |
[INFO] [stdout] 9 | use once_cell::sync::Lazy;
[INFO] [stdout]   |     ^^^^^^^^^^^^^^^^^^^^^
[INFO] [stdout] 
[INFO] [stdout] 
[INFO] [stdout] warning: unused import: `std::convert::Infallible`
[INFO] [stdout]  --> src/router.rs:1:5
[INFO] [stdout]   |
[INFO] [stdout] 1 | use std::convert::Infallible;
[INFO] [stdout]   |     ^^^^^^^^^^^^^^^^^^^^^^^^
[INFO] [stdout] 
[INFO] [stdout] 
[INFO] [stdout] warning: unused import: `std::net::SocketAddr`
[INFO] [stdout]  --> src/router.rs:2:5
[INFO] [stdout]   |
[INFO] [stdout] 2 | use std::net::SocketAddr;
[INFO] [stdout]   |     ^^^^^^^^^^^^^^^^^^^^
[INFO] [stdout] 
[INFO] [stdout] 
[INFO] [stdout] warning: unused import: `RwLock`
[INFO] [stdout]  --> src/router.rs:3:17
[INFO] [stdout]   |
[INFO] [stdout] 3 | use std::sync::{RwLock, Arc};
[INFO] [stdout]   |                 ^^^^^^
[INFO] [stdout] 
[INFO] [stdout] 
[INFO] [stdout] warning: unused import: `Server`
[INFO] [stdout]  --> src/router.rs:5:46
[INFO] [stdout]   |
[INFO] [stdout] 5 | use hyper::{Body, Method, Request, Response, Server, StatusCode};
[INFO] [stdout]   |                                              ^^^^^^
[INFO] [stdout] 
[INFO] [stdout] 
[INFO] [stdout] warning: unused import: `hyper::body::Bytes`
[INFO] [stdout]  --> src/router.rs:6:5
[INFO] [stdout]   |
[INFO] [stdout] 6 | use hyper::body::Bytes;
[INFO] [stdout]   |     ^^^^^^^^^^^^^^^^^^
[INFO] [stdout] 
[INFO] [stdout] 
[INFO] [stdout] warning: unused imports: `make_service_fn`, `service_fn`
[INFO] [stdout]  --> src/router.rs:7:22
[INFO] [stdout]   |
[INFO] [stdout] 7 | use hyper::service::{make_service_fn, service_fn};
[INFO] [stdout]   |                      ^^^^^^^^^^^^^^^  ^^^^^^^^^^
[INFO] [stdout] 
[INFO] [stdout] 
[INFO] [stdout] warning: unused import: `info`
[INFO] [stdout]  --> src/router.rs:8:18
[INFO] [stdout]   |
[INFO] [stdout] 8 | use log::{debug, info};
[INFO] [stdout]   |                  ^^^^
[INFO] [stdout] 
[INFO] [stdout] 
[INFO] [stdout] warning: unused import: `once_cell::sync::Lazy`
[INFO] [stdout]  --> src/router.rs:9:5
[INFO] [stdout]   |
[INFO] [stdout] 9 | use once_cell::sync::Lazy;
[INFO] [stdout]   |     ^^^^^^^^^^^^^^^^^^^^^
[INFO] [stdout] 
[INFO] [stdout] 
[INFO] [stdout] error[E0507]: cannot move out of `router`, a captured variable in an `FnMut` closure
[INFO] [stdout]   --> src/main.rs:64:70
[INFO] [stdout]    |
[INFO] [stdout] 62 |                   let router = router.clone();
[INFO] [stdout]    |                       ------ captured outer variable
[INFO] [stdout] 63 |                   debug!("New connection has been started");
[INFO] [stdout] 64 |                   Ok::<_, Infallible>(service_fn(move |req| async move {
[INFO] [stdout]    |  ______________________________________________________________________^
[INFO] [stdout] 65 | |                     let router = router.clone();
[INFO] [stdout]    | |                                  ------
[INFO] [stdout]    | |                                  |
[INFO] [stdout]    | |                                  move occurs because `router` has type `Arc<Router>`, which does not implement the `Copy` trait
[INFO] [stdout]    | |                                  move occurs due to use in generator
[INFO] [stdout] 66 | |                     Ok::<_, Infallible>(router.route(req).await)
[INFO] [stdout] 67 | |                 }))
[INFO] [stdout]    | |_________________^ move out of `router` occurs here
[INFO] [stdout] 
[INFO] [stdout] 
[INFO] [stdout] error[E0507]: cannot move out of `router`, a captured variable in an `FnMut` closure
[INFO] [stdout]   --> src/main.rs:61:56
[INFO] [stdout]    |
[INFO] [stdout] 56 |       let router = Arc::new(Router::new(payload));
[INFO] [stdout]    |           ------ captured outer variable
[INFO] [stdout] ...
[INFO] [stdout] 61 |               .serve(make_service_fn(move |_| async move {
[INFO] [stdout]    |  ________________________________________________________^
[INFO] [stdout] 62 | |                 let router = router.clone();
[INFO] [stdout]    | |                              ------
[INFO] [stdout]    | |                              |
[INFO] [stdout]    | |                              move occurs because `router` has type `Arc<Router>`, which does not implement the `Copy` trait
[INFO] [stdout]    | |                              move occurs due to use in generator
[INFO] [stdout] 63 | |                 debug!("New connection has been started");
[INFO] [stdout] 64 | |                 Ok::<_, Infallible>(service_fn(move |req| async move {
[INFO] [stdout] ...  |
[INFO] [stdout] 67 | |                 }))
[INFO] [stdout] 68 | |             }));
[INFO] [stdout]    | |_____________^ move out of `router` occurs here
[INFO] [stdout] 
[INFO] [stdout] 
[INFO] [stdout] error: aborting due to 2 previous errors; 12 warnings emitted
[INFO] [stdout] 
[INFO] [stdout] 
[INFO] [stdout] For more information about this error, try `rustc --explain E0507`.
[INFO] [stdout] 
[INFO] [stdout] error[E0507]: cannot move out of `router`, a captured variable in an `FnMut` closure
[INFO] [stdout]   --> src/main.rs:64:70
[INFO] [stdout]    |
[INFO] [stdout] 62 |                   let router = router.clone();
[INFO] [stdout]    |                       ------ captured outer variable
[INFO] [stdout] 63 |                   debug!("New connection has been started");
[INFO] [stdout] 64 |                   Ok::<_, Infallible>(service_fn(move |req| async move {
[INFO] [stdout]    |  ______________________________________________________________________^
[INFO] [stdout] 65 | |                     let router = router.clone();
[INFO] [stdout]    | |                                  ------
[INFO] [stdout]    | |                                  |
[INFO] [stdout]    | |                                  move occurs because `router` has type `Arc<Router>`, which does not implement the `Copy` trait
[INFO] [stdout]    | |                                  move occurs due to use in generator
[INFO] [stdout] 66 | |                     Ok::<_, Infallible>(router.route(req).await)
[INFO] [stdout] 67 | |                 }))
[INFO] [stdout]    | |_________________^ move out of `router` occurs here
[INFO] [stdout] 
[INFO] [stdout] 
[INFO] [stdout] error[E0507]: cannot move out of `router`, a captured variable in an `FnMut` closure
[INFO] [stdout]   --> src/main.rs:61:56
[INFO] [stdout]    |
[INFO] [stdout] 56 |       let router = Arc::new(Router::new(payload));
[INFO] [stdout]    |           ------ captured outer variable
[INFO] [stdout] ...
[INFO] [stdout] 61 |               .serve(make_service_fn(move |_| async move {
[INFO] [stdout]    |  ________________________________________________________^
[INFO] [stdout] 62 | |                 let router = router.clone();
[INFO] [stdout]    | |                              ------
[INFO] [stdout]    | |                              |
[INFO] [stdout]    | |                              move occurs because `router` has type `Arc<Router>`, which does not implement the `Copy` trait
[INFO] [stdout]    | |                              move occurs due to use in generator
[INFO] [stdout] 63 | |                 debug!("New connection has been started");
[INFO] [stdout] 64 | |                 Ok::<_, Infallible>(service_fn(move |req| async move {
[INFO] [stdout] ...  |
[INFO] [stdout] 67 | |                 }))
[INFO] [stdout] 68 | |             }));
[INFO] [stdout]    | |_____________^ move out of `router` occurs here
[INFO] [stdout] 
[INFO] [stdout] 
[INFO] [stderr] error: could not compile `lowfat-strupy`.
[INFO] [stdout] error: aborting due to 2 previous errors; 12 warnings emitted
[INFO] [stdout] 
[INFO] [stdout] 
[INFO] [stderr] 
[INFO] [stdout] For more information about this error, try `rustc --explain E0507`.
[INFO] [stdout] 
[INFO] [stderr] To learn more, run the command again with --verbose.
[INFO] [stderr] warning: build failed, waiting for other jobs to finish...
[INFO] [stderr] error: build failed
[INFO] running `Command { std: "docker" "inspect" "83116cd313179f82298311052b3712d6e792ad4c90a8ffcc05729c2a9ada475a", kill_on_drop: false }`
[INFO] running `Command { std: "docker" "rm" "-f" "83116cd313179f82298311052b3712d6e792ad4c90a8ffcc05729c2a9ada475a", kill_on_drop: false }`
[INFO] [stdout] 83116cd313179f82298311052b3712d6e792ad4c90a8ffcc05729c2a9ada475a
